8612?
2
What is the ten thousands digit of 13377855?
7
What is the thousands digit of 21460763?
0
What is the tens digit of 510004?
0
What is the hundreds digit of 2874604?
6
What is the units digit of 884277?
7
What is the ten thousands digit of 25779177?
7
What is the hundred thousands digit of 2677900?
6
What is the hundred thousands digit of 1759658?
7
What is the thousands digit of 4480532?
0
What is the ten thousands digit of 110524?
1
What is the hundreds digit of 14445137?
1
What is the tens digit of 271361?
6
What is the ten thousands digit of 260665?
6
What is the hundred thousands digit of 222587?
2
What is the thousands digit of 32272776?
2
What is the millions digit of 15462523?
5
What is the thousands digit of 14248792?
8
What is the hundreds digit of 2431506?
5
What is the tens digit of 974400?
0
What is the units digit of 13004373?
3
What is the hundred thousands digit of 398197?
3
What is the ten thousands digit of 66364?
6
What is the tens digit of 6383294?
9
What is the thousands digit of 3806221?
6
What is the tens digit of 594452?
5
What is the millions digit of 5715699?
5
What is the units digit of 3866698?
8
What is the hundred thousands digit of 4042838?
0
What is the hundred thousands digit of 261133?
2
What is the tens digit of 176941?
4
What is the units digit of 5659241?
1
What is the tens digit of 365632?
3
What is the hundreds digit of 84528?
5
What is the hundreds digit of 23114?
1
What is the hundred thousands digit of 12509523?
5
What is the ten thousands digit of 1333219?
3
What is the units digit of 626691?
1
What is the tens digit of 4298452?
5
What is the hundred thousands digit of 495255?
4
What is the tens digit of 1691960?
6
What is the ten thousands digit of 738343?
3
What is the ten thousands digit of 27128570?
2
What is the ten thousands digit of 1565495?
6
What is the tens digit of 56044?
4
What is the units digit of 547971?
1
What is the hundreds digit of 14300730?
7
What is the hundred thousands digit of 15888489?
8
What is the millions digit of 10548548?
0
What is the ten thousands digit of 156342?
5
What is the thousands digit of 2909806?
9
What is the hundred thousands digit of 4547782?
5
What is the hundred thousands digit of 16324726?
3
What is the units digit of 355908?
8
What is the hundred thousands digit of 2810008?
8
What is the ten thousands digit of 68390?
6
What is the hundred thousands digit of 323948?
3
What is the millions digit of 3174423?
3
What is the ten thousands digit of 529755?
2
What is the hundreds digit of 18816875?
8
What is the tens digit of 312367?
6
What is the thousands digit of 54137?
4
What is the ten thousands digit of 808212?
0
What is the ten thousands digit of 651281?
5
What is the hundreds digit of 177375?
3
What is the units digit of 40477?
7
What is the hundreds digit of 4666092?
0
What is the ten thousands digit of 999103?
9
What is the hundreds digit of 963255?
2
What is the units digit of 8932092?
2
What is the ten millions digit of 22874036?
2
What is the units digit of 465928?
8
What is the units digit of 324?
4
What is the hundred thousands digit of 638074?
6
What is the millions digit of 2969940?
2
What is the ten thousands digit of 54640?
5
What is the hundreds digit of 5848958?
9
What is the ten millions digit of 13772210?
1
What is the thousands digit of 8056639?
6
What is the millions digit of 5857931?
5
What is the tens digit of 374745?
4
What is the ten thousands digit of 89624?
8
What is the ten thousands digit of 227098?
2
What is the hundreds digit of 1344271?
2
What is the hundred thousands digit of 495131?
4
What is the tens digit of 2318262?
6
What is the units digit of 140745?
5
What is the tens digit of 1886228?
2
What is the hundreds digit of 1978732?
7
What is the millions digit of 16893638?
6
What is the hundreds digit of 901166?
1
What is the tens digit of 377993?
9
What is the ten thousands digit of 224744?
2
What is the millions digit of 11714151?
1
What is the ten thousands digit of 315877?
1
What is the ten thousands digit of 147801?
4
What is the thousands digit of 169427?
9
What is the hundreds digit of 4305674?
6
What is the tens digit of 4434643?
4
What is the hundred thousands digit of 12681061?
6
What is the tens digit of 8382?
8
What is the units digit of 165048?
8
What is the units digit of 42706?
6
What is the thousands digit of 31198?
1
What is the tens digit of 67875?
7
What is the thousands digit of 278440?
8
What is the units digit of 557970?
0
What is the ten thousands digit of 6710268?
1
What is the hundreds digit of 310337?
3
What is the ten thousands digit of 740839?
4
What is the millions digit of 13694966?
3
What is the hundreds digit of 226473?
4
What is the hundreds digit of 1877097?
0
What is the hundreds digit of 227518?
5
What is the units digit of 1321339?
9
What is the millions digit of 11687305?
1
What is the thousands digit of 849150?
9
What is the ten millions digit of 14657635?
1
What is the millions digit of 7613407?
7
What is the tens digit of 2224840?
4
What is the thousands digit of 305856?
5
What is the ten thousands digit of 35515?
3
What is the units digit of 595179?
9
What is the hundreds digit of 5735493?
4
What is the millions digit of 1251109?
1
What is the tens digit of 5626599?
9
What is the ten thousands digit of 215889?
1
What is the hundred thousands digit of 700135?
7
What is the ten thousands digit of 2020779?
2
What is the thousands digit of 220513?
0
What is the units digit of 6316699?
9
What is the thousands digit of 382809?
2
What is the ten thousands digit of 10765589?
6
What is the tens digit of 822697?
9
What is the hundreds digit of 429755?
7
What is the hundred thousands digit of 703599?
7
What is the ten thousands digit of 2271182?
7
What is the hundreds digit of 394887?
8
What is the millions digit of 1134340?
1
What is the hundred thousands digit of 224538?
2
What is the ten thousands digit of 4594959?
9
What is the units digit of 11982?
2
What is the tens digit of 1655653?
5
What is the hundreds digit of 529344?
3
What is the hundred thousands digit of 239043?
2
What is the millions digit of 5263318?
5
What is the hundreds digit of 9252571?
5
What is the units digit of 854054?
4
What is the hundred thousands digit of 3004381?
0
What is the ten thousands digit of 33502?
3
What is the hundred thousands digit of 783211?
7
What is the tens digit of 86777?
7
What is the hundreds digit of 13217716?
7
What is the thousands digit of 12600709?
0
What is the units digit of 759332?
2
What is the tens digit of 409585?
8
What is the tens digit of 4943082?
8
What is the hundred thousands digit of 10160051?
1
What is the units digit of 155274?
4
What is the thousands digit of 4235334?
5
What is the tens digit of 14835177?
7
What is the millions digit of 1081348?
1
What is the units digit of 240880?
0
What is the units digit of 34751707?
7
What is the hundreds digit of 7228242?
2
What is the millions digit of 1081267?
1
What is the millions digit of 1290205?
1
What is the ten thousands digit of 5697040?
9
What is the thousands digit of 1504719?
4
What is the thousands digit of 14920460?
0
What is the millions digit of 1515463?
1
What is the thousands digit of 248548?
8
What is the tens digit of 4176607?
0
What is the units digit of 230298?
8
What is the hundred thousands digit of 5338599?
3
What is the thousands digit of 3085681?
5
What is the units digit of 87443?
3
What is the thousands digit of 3379058?
9
What is the thousands digit of 2287446?
7
What is the hundred thousands digit of 318602?
3
What is the tens digit of 125?
2
What is the tens digit of 46121?
2
What is the tens digit of 574649?
4
What is the thousands digit of 10834630?
4
What is the ten thousands digit of 244528?
4
What is the millions digit of 1243251?
1
What is the thousands digit of 9100592?
0
What is the thousands digit of 457194?
7
What is the ten thousands digit of 8374035?
7
What is the units digit of 95303?
3
What is the hundred thousands digit of 8616856?
6
What is the thousands digit of 173088?
3
What is the millions digit of 1544503?
1
What is the hundred thousands digit of 1503590?
5
What is the thousands digit of 839919?
9
What is the hundred thousands digit of 258141?
2
What is the millions digit 